z be (-32)/t*(-9)/2. What is the greatest common divisor of z and 8?
8
Let c = 4 - -6. What is the greatest common factor of 15 and c?
5
Let t(n) = 2*n - 8. Let a be t(6). Suppose -3*r = 5*s - 465, 47 = -s + a*r + 117. Let q be ((-20)/6)/((-1)/3). Calculate the greatest common divisor of q and s.
10
Let s(f) = 7*f + 13. Let h be s(5). Calculate the greatest common factor of h and 12.
12
Suppose 0 = -d - 0*d. Suppose -3*m + 224 - 44 = d. Calculate the greatest common divisor of m and 24.
12
Let t be 884/(-12) + 6/9. Let c = 17 - t. Suppose 42 = 4*n + 2. Calculate the greatest common factor of n and c.
10
Let j(v) = -v - 9. Let l be j(-14). Let y(w) = w**3 - w**2 - 3*w - 3. Let q be y(-3). Let n = q + 65. What is the highest common factor of n and l?
5
Let g(n) = -n + 2. Let m be g(-4). Calculate the highest common divisor of m and 4.
2
Let o be -5 + (14 - 4) - (-1 - 2). Let x(j) = j**3 + 6*j**2 + 4*j - 3. Let g be x(-5). Suppose -3*c = g*c - 160. What is the greatest common factor of o and c?
8
Let g be 8 - 11 - (-1 - -53). Let s = 154 + g. Calculate the highest common divisor of 9 and s.
9
Let c(w) = 21*w + 2. Let d be c(5). Suppose 2*y = -5 + d. What is the highest common divisor of 17 and y?
17
Suppose -333 + 45 = -3*k. Calculate the highest common factor of 12 and k.
12
Let t = 70 - 49. What is the greatest common factor of t and 3?
3
Let v be (-36)/(-20) + 1/5. Suppose -3*u + 32 = v*m + 2*u, 3*u = -3*m + 57. What is the greatest common factor of 189 and m?
21
Let p = 13 - 9. Suppose -p*z - 5*i + 177 = 0, 3*i - 65 = 2*z - 170. Calculate the highest common factor of z and 6.
6
Let f(i) = 2*i**2 + 5*i + 5. Let n be f(-2). Suppose -g + 4 - n = 0. What is the highest common factor of g and 1?
1
Suppose 0 = -7*s + 12*s - 75. Calculate the greatest common factor of 105 and s.
15
Let r = -5 - -5. Suppose -m + r*y + 20 = 4*y, -5*y = 15. What is the greatest common divisor of 16 and m?
16
Suppose 8 = 2*r + 4. What is the highest common divisor of 18 and r?
2
Let k(g) = g**2 - 4*g + 1. Let y be k(5). Let x be 2*74/2 + 1. Suppose m + x = y*m. What is the greatest common factor of 15 and m?
15
Let k be (-57 + 0/(-4))*-1. What is the highest common divisor of 38 and k?
19
Suppose -5*b + 3*b = -12. Calculate the greatest common factor of 30 and b.
6
Let s(r) = r**2 - r + 80. Suppose 1 = -n + 4*q - 0*q, -2 = -2*q. Suppose 0 = -n*j + j. Let y be s(j). Calculate the greatest common divisor of 10 and y.
10
Suppose -3*q - 2 + 17 = -3*b, b + 3*q = -1. Let t be 10 - b*1/(-2). What is the greatest common factor of t and 12?
4
Let t(q) = q**2 + 9*q - 19. Let y be t(-13). What is the highest common factor of y and 99?
33
Let b = -23 + 62. Let t be (-40)/(-3) + (-1)/3. What is the greatest common factor of b and t?
13
Let r(s) = 23*s**2 + 4*s - 2. Let j be r(4). Suppose 3*t = -97 + j. Let f = -25 + 63. Calculate the highest common factor of f and t.
19
Let q(r) = -r**3 - 13*r**2 - 12*r + 4. Let a be q(-12). Let j = a + 6. Calculate the greatest common divisor of j and 50.
10
Let y be ((-16)/(-5))/((-3)/15). Let a be y/(-3)*(-5 + 8). Calculate the highest common divisor of 128 and a.
16
Suppose 3*f - 165 = 2*f. Calculate the highest common divisor of f and 15.
15
Let b = -76 - -78. Suppose -8 = -8*p + 4*p. Suppose -p*w + b = -16. Calculate the highest common factor of 6 and w.
3
Let s be 2/(-4) + 226/4. Let p(q) = -3*q - 1. Let x be p(-5). What is the highest common factor of s and x?
14
Let q(x) = 14 + x**2 + 25*x - 9*x + x**2. Let w be q(-13). Calculate the greatest common factor of w and 18.
18
Let l = 4 - 3. Let v be (-2 - l*-4) + 18. Calculate the highest common factor of 140 and v.
20
Suppose -4*j = 5*q, q + 6*j - 16 = 2*j. Let r(y) = -y**3 - 2*y**2 - 6*y - 6. Let u be r(q). Calculate the highest common divisor of 10 and u.
10
Let v be (-126)/(-30)*5*2. What is the greatest common divisor of v and 105?
21
Let x be ((-35)/(-14))/((-1)/(-2)). Suppose 3*p = x*c - 12, 5*c - 12 = -3*p + 2*c. What is the highest common factor of p and 3?
1
Let j be 57/12 + 2/8. Let b be (-3143)/(-35) - (-1)/j. What is the greatest common divisor of 10 and b?
10
Let h(i) = -i + 23. Let k be h(9). Let f(b) = 2*b**2 + 3*b - 6. Let o be f(-8). What is the greatest common factor of o and k?
14
Suppose 0 = d - 3 + 1. Let p be (-1)/(d + -3) + 93. Let b be 2/4 - p/(-4). What is the greatest common divisor of b and 72?
24
Let n(f) = -f**3 + 6*f**2 - 3*f - 7. Let d be n(5). What is the highest common factor of d and 24?
3
Suppose 0*v - j + 5 = 4*v, 25 = v + 5*j. Suppose 0 = -l + 7 - v. Let o(g) = -2*g**2 + g + 1. Let r be o(0). What is the highest common factor of l and r?
1
Let x be 9/15 + 1114/10. Calculate the highest common factor of x and 16.
16
Let d = 61 - -321. Let y = d - 270. Calculate the greatest common divisor of y and 14.
14
Let x be 3/12 - (-23)/4. Suppose -5*p = -3*b - 12, b + p + 5 = 1. Let j be (-66)/b + (-3)/x. Calculate the greatest common divisor of 24 and j.
8
Suppose -3*o + 60 = -4*p, 3*o - 39 = -0*o - 3*p. What is the highest common divisor of o and 2?
2
Let y be (7/7)/((-2)/(-14)). What is the highest common factor of y and 77?
7
Suppose 0 = 5*g + 3*c - 559, 3*g - 2*c - 131 - 193 = 0. What is the highest common divisor of g and 10?
10
Let m be (1/(-3))/(2/(-18)). Let c(h) = -h**2 + 7*h + 5. Let a be c(7). Suppose -a*o + 33 = 3. What is the greatest common factor of m and o?
3
Suppose 0 = -0*a + 3*a - 150. What is the greatest common divisor of 75 and a?
25
Let w = 36 - 33. What is the highest common factor of w and 6?
3
Let o be 80/1*1/2. Let q be (1/2)/((-3)/198). Let p = q + 133. What is the highest common divisor of p and o?
20
Suppose 0 = 5*q - 13 - 12. Let l be (15/45)/((-3)/(-225)). Calculate the highest common factor of q and l.
5
Let y(t) = t**2 - 8*t + 4. Let i be y(11). Calculate the highest common divisor of i and 296.
37
Let y = 46 - 28. What is the highest common factor of y and 6?
6
Suppose 3*o + 0*o = -g + 12, g = -5*o + 14. Let z = 0 + 2. Suppose z*h - 81 = 45. What is the greatest common factor of g and h?
9
Let u = -11 + 23. Suppose -20 = -y + 4*p, 2*y - 3*p = -8*p + 14. Calculate the greatest common divisor of y and u.
12
Let h = -49 - -94. Let f(a) = 8*a**3 + 2*a - 1. Let j be f(1). Calculate the greatest common divisor of h and j.
9
Suppose -10*a + 1155 = -3*a. Let y(s) = 2*s**2 + 6*s - 5. Let z be y(-5). Calculate the highest common factor of z and a.
15
Let t(p) = p**2 - 12*p - 9. Let q be t(18). Calculate the greatest common factor of q and 9.
9
Let s = 51 + -19. Calculate the highest common divisor of s and 80.
16
Let h(u) = -u**3 - 5*u**2 - u + 3. Let m be h(-5). Calculate the highest common factor of m and 40.
8
Suppose 0*y = 7*y - 672. What is the highest common factor of y and 6?
6
Let t(j) = 20*j**2 - 3*j - 5. Let u be t(-2). Let p be ((-6)/4)/(-3)*0. Let g be (p + 1)*(8 - -1). What is the highest common divisor of g and u?
9
Suppose -5*h - 135 = -5*x, -2*x - 14 + 74 = -4*h. What is the greatest common factor of x and 36?
12
Suppose -3*x + 24 = -48. What is the highest common divisor of 6 and x?
6
Let y = 0 + 5. What is the highest common divisor of 30 and y?
5
Let k(n) = 3*n - 4. Let v be k(5). Let b(q) = q**3 + 10*q**2 - 8*q - 3. Let j be b(-10). What is the highest common divisor of v and j?
11
Let n = 171 + 98. Let x = n - 61. Let m = -138 + x. What is the highest common divisor of m and 10?
10
Let u(b) = b**3 - 2*b**2 + b - 3. Let a be u(3). Let v = a + 2. Calculate the greatest common divisor of 33 and v.
11
Let f = 77 - 69. Let g(x) = 2*x**3 - 8*x**2 + 3*x + 7. Let o be g(5). Calculate the greatest common divisor of f and o.
8
Suppose -9 + 1 = -4*n. Suppose -n*i = 2*i - 12. Calculate the highest common divisor of i and 3.
3
Let n = 69 - 21. Suppose -u - 17 = -4*l, 1 = 4*l + 3*u - 28. Suppose -p + l*p = n. Calculate the highest common factor of p and 48.
12
Suppose 24 - 69 = -5*m. Let k(c) = -c**2 + 11*c - 3. Let a be k(m). Let u be 2 + a/3 + 1. What is the highest common factor of u and 56?
8
Let p = -8 + 19. What is the highest common divisor of p and 44?
11
Suppose -2*w = 3*t + 742, -t - 3*w - 186 = 52. Let y = -96 - t. Let l be ((-4)/10)/(9/(-35*9)). What is the highest common divisor of y and l?
14
Let w(k) = -2*k + 9. Let